{"id":1140,"date":"2016-10-26T09:56:51","date_gmt":"2016-10-26T09:56:51","guid":{"rendered":"http:\/\/wp.mgms-ev.de\/?page_id=1140"},"modified":"2016-10-26T11:13:58","modified_gmt":"2016-10-26T11:13:58","slug":"myofasziale-triggerpunkte","status":"publish","type":"page","link":"http:\/\/wp.mgms-ev.de\/?page_id=1140","title":{"rendered":"Myofasziale Triggerpunkte"},"content":{"rendered":"<p>Myofasziale Triggerpunkte sind \u00fcberempfindliche Stellen auf einem Hartspannstrang in der Muskulatur.<\/p>\n<p>Durch Druck auf diese k\u00f6nnen die dem Patienten bekannten Schmerzen ausgel\u00f6st werden (&#8222;to trigger&#8220; = ausl\u00f6sen). Die von ihnen ausgehenden Schmerzen k\u00f6nnen spontan oder bei Bewegung und\/oder Belastung der betroffenen Muskelfaszienregionen entstehen.<\/p>\n<p>Sie k\u00f6nnen sowohl\u00a0lokal Schmerzen verursachen, als auch nach charakteristischen Mustern in weiter entfernten K\u00f6rperregionen Schmerzen \u00fcbertragen. Dieses Ph\u00e4nomen wird\u00a0<a href=\"http:\/\/wp.mgms-ev.de\/?page_id=1150\"> <span style=\"text-decoration: underline;\"><span style=\"color: #0000ff; text-decoration: underline;\">&#8222;referred pain&#8220;<\/span><\/span> <\/a>genannt.<\/p>\n<p>Durch manuelle Palpation oder andere mechanische Reize (Akupunkturnadel, Sto\u00dfwelle, &#8230;) kann eine charakteristische Zuckungsreaktion ausgel\u00f6st werden.<\/p>\n<p>Sie k\u00f6nnen auf Dehnung oder Anspannung mit Schmerz\u00a0reagieren.<\/p>\n<p>Sie behindern\u00a0durch ihre Eigenschaften Bewegungsabl\u00e4ufe und ziehen Schonhaltungen und Fehlbelastungen nach sich.<\/p>\n<p>&nbsp;<\/p>\n<p>Myofasziale Triggerpunkte k\u00f6nnen durch gut ausgebildete \u00c4rzte und Therapeuten sicher diagnostiziert werden.<\/p>\n<p>Myofasziale Triggerpunkte sind auch nach Jahren noch behandelbar.<\/p>\n<p>Die Summe aller Myofaszialen Triggerpunkte wird als <a href=\"http:\/\/wp.mgms-ev.de\/?page_id=109\"><span style=\"text-decoration: underline;\"><span style=\"color: #0000ff; text-decoration: underline;\">Myofasziales Syndrom<\/span><\/span><\/a> bezeichnet.<\/p>\n<p>&nbsp;<\/p>\n<p>&nbsp;<\/p>\n<p>&nbsp;<\/p>\n<p>&nbsp;<\/p>\n<p>&nbsp;<\/p>\n","protected":false},"excerpt":{"rendered":"<p>Myofasziale Triggerpunkte sind \u00fcberempfindliche Stellen auf einem Hartspannstrang in der Muskulatur. Durch Druck auf diese k\u00f6nnen die dem Patienten bekannten Schmerzen ausgel\u00f6st werden (&#8222;to trigger&#8220; = ausl\u00f6sen). Die von ihnen ausgehenden Schmerzen k\u00f6nnen spontan oder bei Bewegung und\/oder Belastung der betroffenen Muskelfaszienregionen entstehen. Sie k\u00f6nnen sowohl\u00a0lokal Schmerzen verursachen, als auch nach charakteristischen Mustern in weiter <a class=\"more-link\" href=\"http:\/\/wp.mgms-ev.de\/?page_id=1140\">Weiterlesen <i class=\"fa fa-chevron-right\"><\/i><\/a><\/p>\n","protected":false},"author":1,"featured_media":0,"parent":0,"menu_order":0,"comment_status":"closed","ping_status":"closed","template":"","meta":[],"_links":{"self":[{"href":"http:\/\/wp.mgms-ev.de\/index.php?rest_route=\/wp\/v2\/pages\/1140"}],"collection":[{"href":"http:\/\/wp.mgms-ev.de\/index.php?rest_route=\/wp\/v2\/pages"}],"about":[{"href":"http:\/\/wp.mgms-ev.de\/index.php?rest_route=\/wp\/v2\/types\/page"}],"author":[{"embeddable":true,"href":"http:\/\/wp.mgms-ev.de\/index.php?rest_route=\/wp\/v2\/users\/1"}],"replies":[{"embeddable":true,"href":"http:\/\/wp.mgms-ev.de\/index.php?rest_route=%2Fwp%2Fv2%2Fcomments&post=1140"}],"version-history":[{"count":6,"href":"http:\/\/wp.mgms-ev.de\/index.php?rest_route=\/wp\/v2\/pages\/1140\/revisions"}],"predecessor-version":[{"id":1165,"href":"http:\/\/wp.mgms-ev.de\/index.php?rest_route=\/wp\/v2\/pages\/1140\/revisions\/1165"}],"wp:attachment":[{"href":"http:\/\/wp.mgms-ev.de\/index.php?rest_route=%2Fwp%2Fv2%2Fmedia&parent=1140"}],"curies":[{"name":"wp","href":"https:\/\/api.w.org\/{rel}","templated":true}]}}