{"id":2,"date":"2016-05-10T03:48:21","date_gmt":"2016-05-10T03:48:21","guid":{"rendered":"http:\/\/wp452m.a10-52-158-154.qa.plesk.ru\/wordpress\/?page_id=2"},"modified":"2025-06-23T18:54:58","modified_gmt":"2025-06-23T18:54:58","slug":"sample-page","status":"publish","type":"page","link":"http:\/\/wp.mgms-ev.de\/","title":{"rendered":"Willkommen"},"content":{"rendered":"<h3><\/h3>\n<p style=\"text-align: center;\"><iframe loading=\"lazy\" src=\"https:\/\/www.youtube.com\/embed\/3ZW17DoMGH0\" width=\"560\" height=\"315\" frameborder=\"0\" allowfullscreen=\"allowfullscreen\"><\/iframe><br \/>\nDie <strong>MGMS e.V.<\/strong> wurde 2006 von Physiotherapeuten und \u00c4rzten gegr\u00fcndet, um die\u00a0Aufmerksamkeit\u00a0der medizinischen Fachwelt und der \u00d6ffentlichkeit auf Schmerzen und Bewegungsst\u00f6rungen zu lenken, die\u00a0von Muskeln und Bindegewebe ausgehen.<\/p>\n<p style=\"text-align: center;\"><span style=\"color: #ff0000;\">Der Medienauftritt der MGMS e.V. wird derzeit \u00fcberarbeitet und erg\u00e4nzt.<\/span><\/p>\n<p><strong>ZIELE<\/strong><\/p>\n<div class=\"entry-content\">\n<ul>\n<li><strong>Weiterentwicklung von\u00a0Diagnostik und Therapie Myofaszialer Schmerzen,<\/strong><\/li>\n<li><strong>F\u00f6rderung der Weiterbildung und Fortbildung auf dem Gebiet der neuromuskuloskelettalen Medizin, insbesondere unter Ber\u00fccksichtigung des Myofaszialen Syndroms,<\/strong><\/li>\n<li><strong>Veranlassung, F\u00f6rderung und Unterst\u00fctzung wissenschaftlicher Arbeiten auf dem Gebiet der Myofaszialen Medizin,<\/strong><\/li>\n<li><strong>Entwicklung und\u00a0Austausch von wissenschaftlichen und praktischen Erfahrungen von \u00c4rzten und Physiotherapeuten,<\/strong><\/li>\n<li><strong>F\u00f6rderung nationaler und internationaler interdisziplin\u00e4rer Kooperationen mit Gesellschaften und Personen, die sich mit Schmerzen und Funktionsst\u00f6rungen\u00a0des\u00a0Bewegungssystems besch\u00e4ftigen,<\/strong><\/li>\n<li><strong>Unterst\u00fctzung der medizinischen Versorgung betroffener Patienten.<\/strong><\/li>\n<\/ul>\n<p><strong>VORSTAND<\/strong>\u00a0der MGMS e.V.<\/p>\n<ul>\n<li><strong>Erster Vorsitzender <\/strong>Karl Liess<\/li>\n<li><strong>Designierter Erster Vorsitzender<\/strong> Dirk Schmieder<\/li>\n<li><strong>Zweiter Vorsitzender <\/strong>Dr. med. Gunnar Licht<\/li>\n<li><strong>Kassenwart <\/strong>Doris Kubasinski<\/li>\n<li><strong>Stellvertretender Vorsitzender Fortbildung <\/strong>Robin B\u00f6ke<\/li>\n<li><strong>Stellvertretender Vorsitzender Wissenschaft <\/strong>Prof Dr. Susan Armijo-Olivo<\/li>\n<li><strong>Past-Erster Vorsitzender<\/strong> Dr. med. Gunnar Licht<\/li>\n<\/ul>\n<p><strong>BEIRAT<\/strong> der MGMS e.V.<\/p>\n<ul>\n<li>Dr. med. Stephan Biesenbach<\/li>\n<li>Dr. med. Raul Borgmann<\/li>\n<li>Prof. Ester Castro<\/li>\n<li>Florian Gottschling<\/li>\n<li>Ellen Heggemann<\/li>\n<li>Hauke Heitkamp<\/li>\n<li>Melanie Herb<\/li>\n<li>Marita Lorenz-Ruthenberg<\/li>\n<li>Johannes Mathis<\/li>\n<li>Dr. med. Hannes M\u00fcller-Ehrenberg<\/li>\n<li>Bastian Neumann<\/li>\n<li>Dr. med. Maren Patchutani<\/li>\n<li>Nils Reiter<\/li>\n<li>Prof. Dr. med. J\u00f6rn Seeger<\/li>\n<\/ul>\n<p><a href=\"http:\/\/wp.mgms-ev.de\/wp-content\/uploads\/2025\/06\/MGMS-Satzung-2025-PDF.pdf\">Satzung MGMS e.V.<\/a><\/p>\n<div class=\"entry-content\">\n<p><strong>Sekretariat:<\/strong><\/p>\n<ul>\n<li>Bianca Rebane\n<ul>\n<li>Tel +49 151 58156144<\/li>\n<li>info@mgms-ev.de<\/li>\n<li>Johannisstra\u00dfe 19\/20 in 49074 Osnabr\u00fcck<\/li>\n<\/ul>\n<\/li>\n<\/ul>\n<\/div>\n<\/div>\n","protected":false},"excerpt":{"rendered":"<p>Die MGMS e.V. wurde 2006 von Physiotherapeuten und \u00c4rzten gegr\u00fcndet, um die\u00a0Aufmerksamkeit\u00a0der medizinischen Fachwelt und der \u00d6ffentlichkeit auf Schmerzen und Bewegungsst\u00f6rungen zu lenken, die\u00a0von Muskeln und Bindegewebe ausgehen. Der Medienauftritt der MGMS e.V. wird derzeit \u00fcberarbeitet und erg\u00e4nzt. ZIELE Weiterentwicklung von\u00a0Diagnostik und Therapie Myofaszialer Schmerzen, F\u00f6rderung der Weiterbildung und Fortbildung auf dem Gebiet der neuromuskuloskelettalen <a class=\"more-link\" href=\"http:\/\/wp.mgms-ev.de\/\">Weiterlesen <i class=\"fa fa-chevron-right\"><\/i><\/a><\/p>\n","protected":false},"author":1,"featured_media":0,"parent":0,"menu_order":0,"comment_status":"closed","ping_status":"open","template":"","meta":[],"_links":{"self":[{"href":"http:\/\/wp.mgms-ev.de\/index.php?rest_route=\/wp\/v2\/pages\/2"}],"collection":[{"href":"http:\/\/wp.mgms-ev.de\/index.php?rest_route=\/wp\/v2\/pages"}],"about":[{"href":"http:\/\/wp.mgms-ev.de\/index.php?rest_route=\/wp\/v2\/types\/page"}],"author":[{"embeddable":true,"href":"http:\/\/wp.mgms-ev.de\/index.php?rest_route=\/wp\/v2\/users\/1"}],"replies":[{"embeddable":true,"href":"http:\/\/wp.mgms-ev.de\/index.php?rest_route=%2Fwp%2Fv2%2Fcomments&post=2"}],"version-history":[{"count":66,"href":"http:\/\/wp.mgms-ev.de\/index.php?rest_route=\/wp\/v2\/pages\/2\/revisions"}],"predecessor-version":[{"id":2574,"href":"http:\/\/wp.mgms-ev.de\/index.php?rest_route=\/wp\/v2\/pages\/2\/revisions\/2574"}],"wp:attachment":[{"href":"http:\/\/wp.mgms-ev.de\/index.php?rest_route=%2Fwp%2Fv2%2Fmedia&parent=2"}],"curies":[{"name":"wp","href":"https:\/\/api.w.org\/{rel}","templated":true}]}}

<h3></h3>
<p style="text-align: center;"><iframe loading="lazy" src="https://www.youtube.com/embed/3ZW17DoMGH0" width="560" height="315" frameborder="0" allowfullscreen="allowfullscreen"></iframe><br />
Die <strong>MGMS e.V.</strong> wurde 2006 von Physiotherapeuten und Ärzten gegründet, um die Aufmerksamkeit der medizinischen Fachwelt und der Öffentlichkeit auf Schmerzen und Bewegungsstörungen zu lenken, die von Muskeln und Bindegewebe ausgehen.</p>
<p style="text-align: center;"><span style="color: #ff0000;">Der Medienauftritt der MGMS e.V. wird derzeit überarbeitet und ergänzt.</span></p>
<p><strong>ZIELE</strong></p>
<div class="entry-content">
<ul>
<li><strong>Weiterentwicklung von Diagnostik und Therapie Myofaszialer Schmerzen,</strong></li>
<li><strong>Förderung der Weiterbildung und Fortbildung auf dem Gebiet der neuromuskuloskelettalen Medizin, insbesondere unter Berücksichtigung des Myofaszialen Syndroms,</strong></li>
<li><strong>Veranlassung, Förderung und Unterstützung wissenschaftlicher Arbeiten auf dem Gebiet der Myofaszialen Medizin,</strong></li>
<li><strong>Entwicklung und Austausch von wissenschaftlichen und praktischen Erfahrungen von Ärzten und Physiotherapeuten,</strong></li>
<li><strong>Förderung nationaler und internationaler interdisziplinärer Kooperationen mit Gesellschaften und Personen, die sich mit Schmerzen und Funktionsstörungen des Bewegungssystems beschäftigen,</strong></li>
<li><strong>Unterstützung der medizinischen Versorgung betroffener Patienten.</strong></li>
</ul>
<p><strong>VORSTAND</strong> der MGMS e.V.</p>
<ul>
<li><strong>Erster Vorsitzender </strong>Karl Liess</li>
<li><strong>Designierter Erster Vorsitzender</strong> Dirk Schmieder</li>
<li><strong>Zweiter Vorsitzender </strong>Dr. med. Gunnar Licht</li>
<li><strong>Kassenwart </strong>Doris Kubasinski</li>
<li><strong>Stellvertretender Vorsitzender Fortbildung </strong>Robin Böke</li>
<li><strong>Stellvertretender Vorsitzender Wissenschaft </strong>Prof Dr. Susan Armijo-Olivo</li>
<li><strong>Past-Erster Vorsitzender</strong> Dr. med. Gunnar Licht</li>
</ul>
<p><strong>BEIRAT</strong> der MGMS e.V.</p>
<ul>
<li>Dr. med. Stephan Biesenbach</li>
<li>Dr. med. Raul Borgmann</li>
<li>Prof. Ester Castro</li>
<li>Florian Gottschling</li>
<li>Ellen Heggemann</li>
<li>Hauke Heitkamp</li>
<li>Melanie Herb</li>
<li>Marita Lorenz-Ruthenberg</li>
<li>Johannes Mathis</li>
<li>Dr. med. Hannes Müller-Ehrenberg</li>
<li>Bastian Neumann</li>
<li>Dr. med. Maren Patchutani</li>
<li>Nils Reiter</li>
<li>Prof. Dr. med. Jörn Seeger</li>
</ul>
<p><a href="http://wp.mgms-ev.de/wp-content/uploads/2025/06/MGMS-Satzung-2025-PDF.pdf">Satzung MGMS e.V.</a></p>
<div class="entry-content">
<p><strong>Sekretariat:</strong></p>
<ul>
<li>Bianca Rebane
<ul>
<li>Tel +49 151 58156144</li>
<li>info@mgms-ev.de</li>
<li>Johannisstraße 19/20 in 49074 Osnabrück</li>
</ul>
</li>
</ul>
</div>
</div>

<p>Die MGMS e.V. wurde 2006 von Physiotherapeuten und Ärzten gegründet, um die Aufmerksamkeit der medizinischen Fachwelt und der Öffentlichkeit auf Schmerzen und Bewegungsstörungen zu lenken, die von Muskeln und Bindegewebe ausgehen. Der Medienauftritt der MGMS e.V. wird derzeit überarbeitet und ergänzt. ZIELE Weiterentwicklung von Diagnostik und Therapie Myofaszialer Schmerzen, Förderung der Weiterbildung und Fortbildung auf dem Gebiet der neuromuskuloskelettalen <a class="more-link" href="http://wp.mgms-ev.de/">Weiterlesen <i class="fa fa-chevron-right"></i></a></p>
